**2 + 2*y - 1. Calculate d(q).
-17
Let a(h) = -h**2 - 1. Let f be -1 - -3 - (-1 + 1). Let b(z) = -z + 2. Let o be b(f). Let u = o + 0. Calculate a(u).
-1
Let x(f) = -f**3 + 4*f**2 + 17 + 17*f**2 + 10*f**3. Let w(d) = -5*d**3 - 11*d**2 - 9. Let k(i) = -11*w(i) - 6*x(i). Calculate k(5).
-3
Let u be 5/15 + (-16)/(-6). Suppose u*d = -2*k + 19, -d - 3*d = -3*k - 14. Let l(s) = s - 5. Calculate l(d).
0
Let h be (-2)/1 - (-1 + -4). Let i be -1 + 6*h/6. Let u(f) = -f**2 + 3*f - 2. Determine u(i).
0
Let z(w) be the first derivative of -w**3/3 - 2*w**2 - 2*w + 11. Calculate z(-2).
2
Let x(i) = i + 1. Let t(l) = -l**2 - 8. Let p be t(0). Let f(s) = 3*s + 1 + 2 + 1 - 1. Let y(j) = p*x(j) + 3*f(j). What is y(3)?
4
Suppose 2*j + 12 = -3*x, 5*x - 7*j = -2*j - 20. Let n = x + 4. Let r(h) = n*h - 1 + 6*h + 2. Calculate r(-1).
-5
Let j(k) be the third derivative of k**4/24 - k**3/2 - 2*k**2. Let p(f) = f**3 + 4*f**2 - f. Let u be p(-4). Determine j(u).
1
Suppose 2*k = 4*k + 2. Let f(p) = 2 + 0 + 1 - 9*p - 4. Determine f(k).
8
Let n(q) = -3*q + q + 3*q + 5. Let s = 7 + -5. Suppose 5*t = s*t. Calculate n(t).
5
Let v(d) = -2*d - 10. Let i = -48 - -41. Determine v(i).
4
Let u(d) = d - 5. Let y be u(5). Let q be 0 + -1 - y/(-2). Let w(p) = -10*p**2 + 1. Let i(g) = -21*g**2 + 2. Let a(c) = -6*i(c) + 13*w(c). Calculate a(q).
-3
Let j be (-10)/6*-3 + 1. Let a(f) = 5*f - 4*f + 4*f + 1 - j*f + f**2. What is a(-3)?
13
Let i(b) = -b**3 - 4*b**2 + 4*b - 4. Let m(k) = k**2 + 8*k - 9. Let z be m(-8). Let u = 4 + z. What is i(u)?
1
Let l = 88 + -81. Let h(j) = j**2 - 9*j - 9. Calculate h(l).
-23
Let o(h) = 4*h - 3. Let d(l) = -4*l + 2. Let x(b) = 4*d(b) + 3*o(b). Suppose -4 - 4 = -4*t. Suppose -10 = 4*q + t*r - 0, -4*r - 13 = q. Calculate x(q).
3
Suppose -6*c = -2*c + 3*b - 25, -b + 3 = 0. Let a = c + -7. Let d(n) = -3*n - 2. Give d(a).
7
Suppose 0 = y + i, -5*y = -i - 23 - 7. Let m = 8 - y. Let c(h) = 0 + 3*h + 3 - 4*h - h**3 + 2*h**2 + 2*h. Determine c(m).
-3
Let z(f) be the third derivative of -f**6/120 - f**5/15 - f**4/24 - f**3/6 + 5*f**2. Give z(-4).
3
Let j(b) = b**2 + b + 5. Let q be (-2 - (-6)/3)/1. Let w be j(q). Let t = w + -8. Let s(m) = m + 1. Determine s(t).
-2
Let b(z) = -2*z**2 - 2 + 3*z + 8 - 8. What is b(3)?
-11
Suppose g = 5*p - 8 - 12, -4*p = -4*g. Let s(v) = -p*v**2 - 3 + 1 + 4*v - v + v**3 + 0*v. Calculate s(5).
13
Let d(a) = a**3 - 2. Let h be ((-4)/(-3))/((-2)/(-6)). Suppose 0 = 2*k - h*k. Determine d(k).
-2
Let w(i) = 0*i**2 - i**2 - 4*i + 3 + 2*i**2. Give w(6).
15
Suppose 0 = -3*s + 4*r - 5 + 16, 4*r + 35 = -5*s. Let z(v) = -v**2 - 2*v - 2. Determine z(s).
-5
Let z(t) = -t**3 + 6*t**2 - 6*t + 8. Suppose 34 + 32 = 11*k. Give z(k).
-28
Suppose 6*y - 4 = 7*y. Let l(h) = h**2 + 4*h. Determine l(y).
0
Let a(u) = 3*u - 5. Let r be 4/((-4 - -6)*(-3)/6). Give a(r).
-17
Suppose 0 = -n - 0 - 4. Let l = 0 - -2. Let a(d) = -3*d**l + d**2 + 4 + 5*d + 3*d**2. What is a(n)?
0
Let t = 10 + -16. Let o(v) = 2*v + 16. Let y(g) = -g - 8. Let d(r) = 4*o(r) + 9*y(r). What is d(t)?
-2
Let w be (-2 + -1 + 0)/(-3). Let n(k) = -2*k + k + 6*k + 1. Let j(c) = -c - 1. Let x(g) = w*n(g) + 2*j(g). Determine x(-3).
-10
Let y be (-6)/(-8) + (-15)/4. Let w(l) = l**3 + 2*l**2 - 5*l - 4. Let r be w(y). Suppose -r + 4 = -2*f. Let x(a) = -5*a**2 - 1. What is x(f)?
-6
Let h(q) = -19*q - 11. Let v = 1 - 14. Let r(i) = -9*i - 5. Let l(g) = v*r(g) + 6*h(g). Suppose -2*d - 2*c = 3*d - 16, d + 2*c = 8. Determine l(d).
5
Let y(d) be the first derivative of d**4/4 + 2*d**3 + 3*d**2 - 8. What is y(-4)?
8
Let q(r) be the second derivative of -2*r + 4/3*r**3 + 0*r**4 - 1/60*r**5 + r**2 + 0. Let o(k) be the first derivative of q(k). What is o(0)?
8
Let r(s) = 0*s**2 - 6 - s**2 - 2*s**2 - 7*s + 2*s**2. Let w(u) = u**3 + 6*u**2 - 5. Let a be w(-6). Determine r(a).
4
Let t(v) be the first derivative of -1 + 4*v + 2*v**2 + 1/3*v**3. Let h be (0 + -1)*(3 + 0). What is t(h)?
1
Let n be 4/14 + (-76)/(-28). Let f(x) = -2*x**3 + 3*x**2 + 5*x - 3. Determine f(n).
-15
Let o(t) be the third derivative of -t**5/60 - t**4/12 - t**3/2 + 14*t**2. What is o(-5)?
-18
Let k(r) = r**2 - 7*r. Let z be k(8). Let d = z + -4. Let h(p) be the first derivative of -p**3/3 + 3*p**2/2 + p + 1. Give h(d).
-3
Suppose 12*d = 32*d + 120. Let k(v) = -2*v - 9. Give k(d).
3
Let j(u) = 6*u**3 - 3*u**3 - 4*u**3 + 3*u**2 - u - 3. Calculate j(3).
-6
Let q = 67 + -72. Let u(t) = -t - 10. What is u(q)?
-5
Let h = 39 - 8. Suppose -4*x + 27 = -5*n, 2*n - 10 = 5*x - h. Let j be (-6)/(-3)*n/2. Let c(a) = -2*a + 1. Give c(j).
7
Let n(x) = x**2 - 7*x + 2. Let t(o) = o**2 + 9*o - 3. Let u be t(-10). What is n(u)?
2
Let m = 0 - -3. Suppose m*b = -1 + 19. Let o(l) = 0*l - 32 - 8*l + 39 + l**2. What is o(b)?
-5
Suppose 0 = 4*d + 3*q + 58, -4*d + 4*q + q - 42 = 0. Suppose 40 = -0*v - 5*v. Let l = d - v. Let b(t) = -t**3 - 6*t**2 - 6*t - 6. Determine b(l).
-1
Let i(r) = -3*r - 1. Let g be (72/60)/(4/(-30)). Let p = g - -8. Give i(p).
2
Let c be -2 - (-2 - (0 + 0)). Suppose 0 = 3*s - 2*t - c*t + 1, -3*t = 3. Let v(g) = -5*g**3 - 2 + 4353*g**2 - 4354*g**2 + 5*g + 3 - 4*g. Give v(s).
4
Let q(h) be the second derivative of -2*h - 1/6*h**4 + 0 + 1/20*h**5 - 1/6*h**3 - h**2. Determine q(3).
4
Let x(s) be the third derivative of 1/60*s**5 + 0 - 1/4*s**4 + 1/3*s**3 - 3*s**2 + 0*s. Let r be 1/(2/2) + 5. Determine x(r).
2
Let i = 109 - 105. Let r(y) = y - 4. Determine r(i).
0
Let n(x) = -x**3 + 7*x**2 - 10*x + 16. Let v be n(6). Let o(w) = -5*w - 8. Give o(v).
32
Let m(y) = -6*y**2 + 4*y + 0 + 4 + 2*y. Let r(k) = 4*k**2 - 4*k - 3. Let p(w) = 5*m(w) + 7*r(w). Let l = 4 - 3. Calculate p(l).
-1
Let u(h) = h**3 + 6*h**2 + 3*h - 4. Let k be (5/(-3))/((-3)/(-9)). Calculate u(k).
6
Let p(n) = -53 + 103 - 50 - n. Give p(5).
-5
Let m = 3 + -6. Let d = m + 1. Let a = 3 - d. Let l(w) = w**3 - 6*w**2 + 5*w. Give l(a).
0
Let b(m) be the second derivative of -m**5/20 - 5*m**4/12 - m**3/3 - m**2/2 - 11*m. What is b(-4)?
-9
Let n(r) = r**3 - 3*r**2 + r - 1. Let s(x) = x - 1. Let i(a) = -n(a) + 4*s(a). Let p(z) = -z - 2. Let u be p(5). Let j(l) = -l - 3. Let q be j(u). What is i(q)?
-7
Let a = 2 + 4. Let b(r) = r**2 - 5*r - 2. Determine b(a).
4
Let w(u) = u - 13. Suppose -3*x = -x + 16. Let r = -1 - x. Determine w(r).
-6
Let t(w) = -w**2 - w + 1. Let y(b) = 4*b**2 + 2*b - 2. Let u = -3 - 4. Let p(k) = u*t(k) - 2*y(k). Suppose -3*c = -8*c - 15, 4*c = s - 15. What is p(s)?
-3
Let r be (-4)/(-14) + (-156)/(-91). Let f(s) = s**2 + s + 1. Determine f(r).
7
Let s(z) = -z - 1. Let l(m) = -1. Let i(y) = -2*l(y) + 2*s(y). Determine i(-4).
8
Suppose -3*h - 2 = -5. Let q(u) = u - 2*u - u**2 + 0*u**2. Determine q(h).
-2
Let v(s) = -s**2 - s - 3. Let k be -1*3 + 5 + -5. What is v(k)?
-9
Let v(d) be the third derivative of -d**4/24 + 45*d**2. Let a = 1 - -3. Determine v(a).
-4
Suppose -4 + 2 = 2*f, -15 = -3*v + 3*f. Let c(z) be the first derivative of -z**3/3 + z**2 + 2*z + 6. Calculate c(v).
-6
Let l(j) be the first derivative of -1/2*j**2 - 3 + 6*j. Determine l(6).
0
Let s(h) be the first derivative of h**3/3 + 7*h**2/2 - 6*h + 37. Determine s(-7).
-6
Let t be (19 - 5)*120/14. Let x be (3 - 63/15)*t. Let a be 3/5 + x/40. Let n(i) = 2*i - 3. What is n(a)?
-9
Let d(x) = 2 + 2 - x + 3 - 5. Let k be (-2 - -1)*-2 + 2. Give d(k).
-2
Let t(h) be the third derivative of h**4/24 - h**3/2 + 2*h**2. Let m(l) = -3*l**2 + 8*l - 10. Let n be m(2). Determine t(n).
-9
Let t(i) = -i + 4. Let k be 3/((-2 - 1)/(-3)). Determine t(k).
1
Let c(z) = -z**3 + 5*z**2 + 6*z - 3. Let i = 8 - 2. Determine c(i).
-3
Let o(i) = -i**2 - 1. Let u(b) = -6*b**2 + 6*b - 9. Let t(v) = -5*o(v) + u(v). What is t(5)?
1
Let j(y) = -y + 8. Let h = 7 + 6. Let x be j(h). Let o(r) = r**3 + 6*r**2 + 5*r - 4. What is o(x)?
-4
Suppose 24 = -4*p + 5*g, -13*g + 3 = 5*p - 11*g. Let t(q) = -q**3 + 3*q - 4*q + 2*q**3. Calculate t(p).
0
Let m(p) be the first derivative of -p**2/2 - 7*p + 7. Let h(k) = k - 9. Let q be h(6). Determine m(q).
-4
Let j(u) = -3*u**3 + u**2 - 2*u + 1. Let q = -1 + 2. Let t be j(q). Let d be ((-16)/6 - t)*-3. Let g(f) = 7*f. Give g(d).
-7
Suppose 9*b - 5 = 4*b. Let h(m) = 2*m + 1. Determine h(b).
3
Let m(o) = -o + 6. Let c be (-1 + 42/(-30))*(-5)/2. Determine m(c).
0
Let q(r) = 0*r - 2*r - 22 + r + 19. Determine q(